{"id":8402,"date":"2022-03-04T11:31:26","date_gmt":"2022-03-04T16:31:26","guid":{"rendered":"https:\/\/www.effisca.com\/?page_id=8402"},"modified":"2022-06-20T12:52:17","modified_gmt":"2022-06-20T16:52:17","slug":"poste-coordinateurtrice","status":"publish","type":"page","link":"https:\/\/www.effisca.com\/en\/tax-jobs\/poste-coordinateurtrice\/","title":{"rendered":"Coordinator"},"content":{"rendered":"\n<p id=\"effisca-est-un-cabinet-offrant-des-services-specialises-en-fiscalite-canadienne-americaine-et-internationale-pour-les-particuliers-et-les-entreprises-fonde-en-2021-effisca-est-la-compagnie-soeur-d-impots-ici-un-cabinet-de-services-comptables-qui-dessert-les-particuliers-et-les-petites-entreprises-depuis-plus-de-20-ans-l-entreprise-offre-un-fort-potentiel-de-croissance-possibilite-de-participer-a-l-actionnariat-a-moyen-terme-nos-valeurs-sont-le-professionnalisme-la-satisfaction-des-clients-employes-ainsi-que-le-plaisir\">Effisca est un cabinet offrant des services sp\u00e9cialis\u00e9s en fiscalit\u00e9 canadienne, am\u00e9ricaine et internationale pour les particuliers et les entreprises. L\u2019entreprise offre un fort potentiel de croissance. Possibilit\u00e9 de participer \u00e0 l\u2019actionnariat \u00e0 moyen terme. Nos valeurs sont le professionnalisme, la satisfaction des clients\/employ\u00e9s, ainsi que le plaisir.<\/p>\n\n\n\n<h2 class=\"wp-block-heading\" id=\"description-de-l-emploi\">Description de l\u2019emploi<\/h2>\n\n\n\n<p>Relevant du gestionnaire et des fiscalistes, le titulaire du poste aura comme principales responsabilit\u00e9s&nbsp;:&nbsp;<\/p>\n\n\n\n<ul class=\"wp-block-list\"><li>Assembler les dossiers des clients (montage pdf);<\/li><li>Encaisser les paiements des clients;<\/li><li>Coordination de dossiers et suivi de documents manquants apr\u00e8s des clients;<\/li><li>Effectuer des t\u00e2ches de bureau telles que la tenue de dossiers, les envois de documents, etc.;<\/li><li>Effectuer diverses t\u00e2ches administratives au besoin;<\/li><li>Assurer les premi\u00e8res lignes des demandes diverses des clients;<\/li><li>Repr\u00e9senter la culture de d\u00e9veloppement des affaires de la firme lors d\u2019interactions avec les clients;<\/li><li>\u00c9pouser les valeurs de l\u2019entreprise;<\/li><\/ul>\n\n\n\n<h2 class=\"wp-block-heading\" id=\"exigences\">&nbsp;Exigences<\/h2>\n\n\n\n<ul class=\"wp-block-list\"><li class=\"p1\">Entre 3 et 5 ann\u00e9es comme adjoint(e) administratif \/ coordonnateur de dossiers<\/li><li>Fort atout si exp\u00e9rience en fiscalit\u00e9;<\/li><li>Bilinguisme (oral et \u00e9crit)<\/li><\/ul>\n\n\n\n<h2 class=\"wp-block-heading\" id=\"profil-recherche\">Profil recherch\u00e9<\/h2>\n\n\n\n<ul class=\"wp-block-list\"><li class=\"p1\">Autonomie, d\u00e9brouillardise et capacit\u00e9 d\u2019apprentissage;<\/li><li class=\"p1\">Souci du d\u00e9tail et bonne gestion des priorit\u00e9s;<\/li><\/ul>\n\n\n\n<h2 class=\"wp-block-heading\" id=\"avantages\">Avantages<\/h2>\n\n\n\n<ul class=\"wp-block-list\"><li>R\u00e9mun\u00e9ration int\u00e9ressante<\/li><li>T\u00e9l\u00e9travail \u00e0 100%<\/li><li>Horaires flexibles<\/li><li>REER collectif<\/li><li>Assurances collectives compl\u00e8tes<\/li><li>T\u00e9l\u00e9m\u00e9decine illimit\u00e9e (consultez un m\u00e9decin par vid\u00e9o-conf\u00e9rence)<\/li><\/ul>\n\n\n\n<div class=\"wp-block-buttons is-content-justification-center is-layout-flex wp-container-core-buttons-is-layout-16018d1d wp-block-buttons-is-layout-flex\">\n<div class=\"wp-block-button\"><a class=\"wp-block-button__link\" href=\"https:\/\/www.effisca.com\/en\/tax-jobs\/#candidature\">Soumettre sa candidature<\/a><\/div>\n<\/div>\n","protected":false},"excerpt":{"rendered":"<p>The administrative assistant assembles the files, ensures that they are correctly filed and complete and collects payments from all clients. He\/She is responsible for following up on missing documents with clients and responding to various of their front-line requests. <\/p>\n","protected":false},"author":8,"featured_media":0,"parent":2876,"menu_order":4,"comment_status":"closed","ping_status":"closed","template":"","meta":{"_acf_changed":false,"inline_featured_image":false,"footnotes":""},"class_list":["post-8402","page","type-page","status-publish","hentry"],"acf":[],"yoast_head":"<!-- This site is optimized with the Yoast SEO plugin v27.5 - https:\/\/yoast.com\/product\/yoast-seo-wordpress\/ -->\n<title>Coordinator - Effisca<\/title>\n<meta name=\"description\" content=\"The US-CANADA tax technician prepares income tax returns for individuals and companies, both Canadian and American. Join the Effisca team today!\" \/>\n<meta name=\"robots\" content=\"index, follow, max-snippet:-1, max-image-preview:large, max-video-preview:-1\" \/>\n<link rel=\"canonical\" href=\"https:\/\/www.effisca.com\/en\/tax-jobs\/poste-coordinateurtrice\/\" \/>\n<meta property=\"og:locale\" content=\"en_US\" \/>\n<meta property=\"og:type\" content=\"article\" \/>\n<meta property=\"og:title\" content=\"Coordinator - Effisca\" \/>\n<meta property=\"og:description\" content=\"The US-CANADA tax technician prepares income tax returns for individuals and companies, both Canadian and American. Join the Effisca team today!\" \/>\n<meta property=\"og:url\" content=\"https:\/\/www.effisca.com\/en\/tax-jobs\/poste-coordinateurtrice\/\" \/>\n<meta property=\"og:site_name\" content=\"Effisca\" \/>\n<meta property=\"article:publisher\" content=\"https:\/\/www.facebook.com\/effisca\" \/>\n<meta property=\"article:modified_time\" content=\"2022-06-20T16:52:17+00:00\" \/>\n<meta name=\"twitter:card\" content=\"summary_large_image\" \/>\n<meta name=\"twitter:label1\" content=\"Est. reading time\" \/>\n\t<meta name=\"twitter:data1\" content=\"2 minutes\" \/>\n<script type=\"application\/ld+json\" class=\"yoast-schema-graph\">{\"@context\":\"https:\\\/\\\/schema.org\",\"@graph\":[{\"@type\":\"WebPage\",\"@id\":\"https:\\\/\\\/www.effisca.com\\\/en\\\/tax-jobs\\\/poste-coordinateurtrice\\\/\",\"url\":\"https:\\\/\\\/www.effisca.com\\\/en\\\/tax-jobs\\\/poste-coordinateurtrice\\\/\",\"name\":\"Coordinator - Effisca\",\"isPartOf\":{\"@id\":\"https:\\\/\\\/www.effisca.com\\\/en\\\/#website\"},\"datePublished\":\"2022-03-04T16:31:26+00:00\",\"dateModified\":\"2022-06-20T16:52:17+00:00\",\"description\":\"The US-CANADA tax technician prepares income tax returns for individuals and companies, both Canadian and American. Join the Effisca team today!\",\"breadcrumb\":{\"@id\":\"https:\\\/\\\/www.effisca.com\\\/en\\\/tax-jobs\\\/poste-coordinateurtrice\\\/#breadcrumb\"},\"inLanguage\":\"en-US\",\"potentialAction\":[{\"@type\":\"ReadAction\",\"target\":[\"https:\\\/\\\/www.effisca.com\\\/en\\\/tax-jobs\\\/poste-coordinateurtrice\\\/\"]}]},{\"@type\":\"BreadcrumbList\",\"@id\":\"https:\\\/\\\/www.effisca.com\\\/en\\\/tax-jobs\\\/poste-coordinateurtrice\\\/#breadcrumb\",\"itemListElement\":[{\"@type\":\"ListItem\",\"position\":1,\"name\":\"Accueil\",\"item\":\"https:\\\/\\\/www.effisca.com\\\/en\\\/\"},{\"@type\":\"ListItem\",\"position\":2,\"name\":\"Careers\",\"item\":\"https:\\\/\\\/www.effisca.com\\\/en\\\/tax-jobs\\\/\"},{\"@type\":\"ListItem\",\"position\":3,\"name\":\"Coordinator\"}]},{\"@type\":\"WebSite\",\"@id\":\"https:\\\/\\\/www.effisca.com\\\/en\\\/#website\",\"url\":\"https:\\\/\\\/www.effisca.com\\\/en\\\/\",\"name\":\"Effisca\",\"description\":\"Tax firm specializing in Canadian, US and international tax\",\"publisher\":{\"@id\":\"https:\\\/\\\/www.effisca.com\\\/en\\\/#organization\"},\"potentialAction\":[{\"@type\":\"SearchAction\",\"target\":{\"@type\":\"EntryPoint\",\"urlTemplate\":\"https:\\\/\\\/www.effisca.com\\\/en\\\/?s={search_term_string}\"},\"query-input\":{\"@type\":\"PropertyValueSpecification\",\"valueRequired\":true,\"valueName\":\"search_term_string\"}}],\"inLanguage\":\"en-US\"},{\"@type\":\"Organization\",\"@id\":\"https:\\\/\\\/www.effisca.com\\\/en\\\/#organization\",\"name\":\"Effisca\",\"url\":\"https:\\\/\\\/www.effisca.com\\\/en\\\/\",\"logo\":{\"@type\":\"ImageObject\",\"inLanguage\":\"en-US\",\"@id\":\"https:\\\/\\\/www.effisca.com\\\/en\\\/#\\\/schema\\\/logo\\\/image\\\/\",\"url\":\"https:\\\/\\\/www.effisca.com\\\/wp-content\\\/uploads\\\/2021\\\/01\\\/effisca-logo-1.png\",\"contentUrl\":\"https:\\\/\\\/www.effisca.com\\\/wp-content\\\/uploads\\\/2021\\\/01\\\/effisca-logo-1.png\",\"width\":1200,\"height\":355,\"caption\":\"Effisca\"},\"image\":{\"@id\":\"https:\\\/\\\/www.effisca.com\\\/en\\\/#\\\/schema\\\/logo\\\/image\\\/\"},\"sameAs\":[\"https:\\\/\\\/www.facebook.com\\\/effisca\",\"https:\\\/\\\/www.linkedin.com\\\/company\\\/effisca\\\/\"]}]}<\/script>\n<!-- \/ Yoast SEO plugin. -->","yoast_head_json":{"title":"Coordinator - Effisca","description":"The US-CANADA tax technician prepares income tax returns for individuals and companies, both Canadian and American. Join the Effisca team today!","robots":{"index":"index","follow":"follow","max-snippet":"max-snippet:-1","max-image-preview":"max-image-preview:large","max-video-preview":"max-video-preview:-1"},"canonical":"https:\/\/www.effisca.com\/en\/tax-jobs\/poste-coordinateurtrice\/","og_locale":"en_US","og_type":"article","og_title":"Coordinator - Effisca","og_description":"The US-CANADA tax technician prepares income tax returns for individuals and companies, both Canadian and American. Join the Effisca team today!","og_url":"https:\/\/www.effisca.com\/en\/tax-jobs\/poste-coordinateurtrice\/","og_site_name":"Effisca","article_publisher":"https:\/\/www.facebook.com\/effisca","article_modified_time":"2022-06-20T16:52:17+00:00","twitter_card":"summary_large_image","twitter_misc":{"Est. reading time":"2 minutes"},"schema":{"@context":"https:\/\/schema.org","@graph":[{"@type":"WebPage","@id":"https:\/\/www.effisca.com\/en\/tax-jobs\/poste-coordinateurtrice\/","url":"https:\/\/www.effisca.com\/en\/tax-jobs\/poste-coordinateurtrice\/","name":"Coordinator - Effisca","isPartOf":{"@id":"https:\/\/www.effisca.com\/en\/#website"},"datePublished":"2022-03-04T16:31:26+00:00","dateModified":"2022-06-20T16:52:17+00:00","description":"The US-CANADA tax technician prepares income tax returns for individuals and companies, both Canadian and American. Join the Effisca team today!","breadcrumb":{"@id":"https:\/\/www.effisca.com\/en\/tax-jobs\/poste-coordinateurtrice\/#breadcrumb"},"inLanguage":"en-US","potentialAction":[{"@type":"ReadAction","target":["https:\/\/www.effisca.com\/en\/tax-jobs\/poste-coordinateurtrice\/"]}]},{"@type":"BreadcrumbList","@id":"https:\/\/www.effisca.com\/en\/tax-jobs\/poste-coordinateurtrice\/#breadcrumb","itemListElement":[{"@type":"ListItem","position":1,"name":"Accueil","item":"https:\/\/www.effisca.com\/en\/"},{"@type":"ListItem","position":2,"name":"Careers","item":"https:\/\/www.effisca.com\/en\/tax-jobs\/"},{"@type":"ListItem","position":3,"name":"Coordinator"}]},{"@type":"WebSite","@id":"https:\/\/www.effisca.com\/en\/#website","url":"https:\/\/www.effisca.com\/en\/","name":"Effisca","description":"Tax firm specializing in Canadian, US and international tax","publisher":{"@id":"https:\/\/www.effisca.com\/en\/#organization"},"potentialAction":[{"@type":"SearchAction","target":{"@type":"EntryPoint","urlTemplate":"https:\/\/www.effisca.com\/en\/?s={search_term_string}"},"query-input":{"@type":"PropertyValueSpecification","valueRequired":true,"valueName":"search_term_string"}}],"inLanguage":"en-US"},{"@type":"Organization","@id":"https:\/\/www.effisca.com\/en\/#organization","name":"Effisca","url":"https:\/\/www.effisca.com\/en\/","logo":{"@type":"ImageObject","inLanguage":"en-US","@id":"https:\/\/www.effisca.com\/en\/#\/schema\/logo\/image\/","url":"https:\/\/www.effisca.com\/wp-content\/uploads\/2021\/01\/effisca-logo-1.png","contentUrl":"https:\/\/www.effisca.com\/wp-content\/uploads\/2021\/01\/effisca-logo-1.png","width":1200,"height":355,"caption":"Effisca"},"image":{"@id":"https:\/\/www.effisca.com\/en\/#\/schema\/logo\/image\/"},"sameAs":["https:\/\/www.facebook.com\/effisca","https:\/\/www.linkedin.com\/company\/effisca\/"]}]}},"_links":{"self":[{"href":"https:\/\/www.effisca.com\/en\/wp-json\/wp\/v2\/pages\/8402","targetHints":{"allow":["GET"]}}],"collection":[{"href":"https:\/\/www.effisca.com\/en\/wp-json\/wp\/v2\/pages"}],"about":[{"href":"https:\/\/www.effisca.com\/en\/wp-json\/wp\/v2\/types\/page"}],"author":[{"embeddable":true,"href":"https:\/\/www.effisca.com\/en\/wp-json\/wp\/v2\/users\/8"}],"replies":[{"embeddable":true,"href":"https:\/\/www.effisca.com\/en\/wp-json\/wp\/v2\/comments?post=8402"}],"version-history":[{"count":7,"href":"https:\/\/www.effisca.com\/en\/wp-json\/wp\/v2\/pages\/8402\/revisions"}],"predecessor-version":[{"id":9059,"href":"https:\/\/www.effisca.com\/en\/wp-json\/wp\/v2\/pages\/8402\/revisions\/9059"}],"up":[{"embeddable":true,"href":"https:\/\/www.effisca.com\/en\/wp-json\/wp\/v2\/pages\/2876"}],"wp:attachment":[{"href":"https:\/\/www.effisca.com\/en\/wp-json\/wp\/v2\/media?parent=8402"}],"curies":[{"name":"wp","href":"https:\/\/api.w.org\/{rel}","templated":true}]}}

<p id="effisca-est-un-cabinet-offrant-des-services-specialises-en-fiscalite-canadienne-americaine-et-internationale-pour-les-particuliers-et-les-entreprises-fonde-en-2021-effisca-est-la-compagnie-soeur-d-impots-ici-un-cabinet-de-services-comptables-qui-dessert-les-particuliers-et-les-petites-entreprises-depuis-plus-de-20-ans-l-entreprise-offre-un-fort-potentiel-de-croissance-possibilite-de-participer-a-l-actionnariat-a-moyen-terme-nos-valeurs-sont-le-professionnalisme-la-satisfaction-des-clients-employes-ainsi-que-le-plaisir">Effisca est un cabinet offrant des services spécialisés en fiscalité canadienne, américaine et internationale pour les particuliers et les entreprises. L’entreprise offre un fort potentiel de croissance. Possibilité de participer à l’actionnariat à moyen terme. Nos valeurs sont le professionnalisme, la satisfaction des clients/employés, ainsi que le plaisir.</p>



<h2 class="wp-block-heading" id="description-de-l-emploi">Description de l’emploi</h2>



<p>Relevant du gestionnaire et des fiscalistes, le titulaire du poste aura comme principales responsabilités&nbsp;:&nbsp;</p>



<ul class="wp-block-list"><li>Assembler les dossiers des clients (montage pdf);</li><li>Encaisser les paiements des clients;</li><li>Coordination de dossiers et suivi de documents manquants après des clients;</li><li>Effectuer des tâches de bureau telles que la tenue de dossiers, les envois de documents, etc.;</li><li>Effectuer diverses tâches administratives au besoin;</li><li>Assurer les premières lignes des demandes diverses des clients;</li><li>Représenter la culture de développement des affaires de la firme lors d’interactions avec les clients;</li><li>Épouser les valeurs de l’entreprise;</li></ul>



<h2 class="wp-block-heading" id="exigences">&nbsp;Exigences</h2>



<ul class="wp-block-list"><li class="p1">Entre 3 et 5 années comme adjoint(e) administratif / coordonnateur de dossiers</li><li>Fort atout si expérience en fiscalité;</li><li>Bilinguisme (oral et écrit)</li></ul>



<h2 class="wp-block-heading" id="profil-recherche">Profil recherché</h2>



<ul class="wp-block-list"><li class="p1">Autonomie, débrouillardise et capacité d’apprentissage;</li><li class="p1">Souci du détail et bonne gestion des priorités;</li></ul>



<h2 class="wp-block-heading" id="avantages">Avantages</h2>



<ul class="wp-block-list"><li>Rémunération intéressante</li><li>Télétravail à 100%</li><li>Horaires flexibles</li><li>REER collectif</li><li>Assurances collectives complètes</li><li>Télémédecine illimitée (consultez un médecin par vidéo-conférence)</li></ul>



<div class="wp-block-buttons is-content-justification-center is-layout-flex wp-container-core-buttons-is-layout-16018d1d wp-block-buttons-is-layout-flex">
<div class="wp-block-button"><a class="wp-block-button__link" href="https://www.effisca.com/en/tax-jobs/#candidature">Soumettre sa candidature</a></div>
</div>
